

{"id":2414,"date":"2011-06-10T17:27:20","date_gmt":"2011-06-10T15:27:20","guid":{"rendered":"https:\/\/www.iniciatives.org\/test\/NEW\/que-fem\/infancia-2\/"},"modified":"2024-09-13T18:31:15","modified_gmt":"2024-09-13T16:31:15","slug":"infancia-2","status":"publish","type":"page","link":"https:\/\/www.iniciatives.org\/es\/que-fem\/infancia-2\/","title":{"rendered":"Infancia"},"content":{"rendered":"\n<div class=\"wp-block-cover alignfull is-light\" style=\"min-height:550px;aspect-ratio:unset;aspect-ratio:unset;\"><span aria-hidden=\"true\" class=\"wp-block-cover__background has-background-dim-0 has-background-dim\" style=\"background-color:#868078\"><\/span><img loading=\"lazy\" decoding=\"async\" width=\"1366\" height=\"611\" class=\"wp-block-cover__image-background wp-image-1299\" alt=\"Grup de nens i nenes estudiant i fent deures al Centre Obert Gingko.\" src=\"https:\/\/www.iniciatives.org\/wp-content\/uploads\/2014\/12\/Quefemdef2.jpg\" data-object-fit=\"cover\" srcset=\"https:\/\/www.iniciatives.org\/wp-content\/uploads\/2014\/12\/Quefemdef2.jpg 1366w, https:\/\/www.iniciatives.org\/wp-content\/uploads\/2014\/12\/Quefemdef2-800x358.jpg 800w, https:\/\/www.iniciatives.org\/wp-content\/uploads\/2014\/12\/Quefemdef2-768x344.jpg 768w, https:\/\/www.iniciatives.org\/wp-content\/uploads\/2014\/12\/Quefemdef2-1200x537.jpg 1200w\" sizes=\"auto, (max-width: 1366px) 100vw, 1366px\" \/><div class=\"wp-block-cover__inner-container is-layout-constrained wp-block-cover-is-layout-constrained\">\n<p class=\"has-text-align-center has-nv-text-dark-bg-color has-text-color has-link-color wp-elements-7a1fa8a5c8b1f0013c01d6fc572cef5f\" style=\"font-size:50px;font-style:normal;font-weight:900\">Infancia<\/p>\n<\/div><\/div>\n\n\n\n<p>A finales de 2011, Iniciatives Solid\u00e0ries inaugur\u00f3 el Centro Abierto Ginkgo en el barrio Cooperativa de Sant Boi de Llobregat con el objetivo de dar apoyo en horario extraescolar a los chicos y chicas con dificultades de entre 12 y 16 a\u00f1os.<\/p>\n\n\n\n<p>El centro Ginkgo, que toma el nombre de un \u00e1rbol originario de China, tiene el objetivo de favorecer la integraci\u00f3n de estos ni\u00f1os y adolescentes, potenciar la adquisici\u00f3n de aprendizajes y competencias b\u00e1sicas, acompa\u00f1ar a las familias en los procesos educativos de sus hijos, y ofrecerles asesoramiento sobre la oferta educativa y la inserci\u00f3n en el mundo profesional.<\/p>\n\n\n\n<p>El centro, que cuenta con la financiaci\u00f3n de la Direcci\u00f3n General de Atenci\u00f3n a la Infancia y la Adolescencia y del Ayuntamiento de Sant Boi, tiene capacidad para 30 chicos y chicas que, derivados de los Servicios Sociales municipales, viven en situaci\u00f3n de riesgo social y de ruptura con la familia y la escuela, y requieren de una asistencia individualizada.<\/p>\n\n\n\n<p><a href=\"https:\/\/iniciativessol-my.sharepoint.com\/:b:\/g\/personal\/fiscomptabilitat_iniciatives_org\/EXyspJh2RcdBr3mFOo0YNyYBzMxB4Y5WtAjZZVYc2YmfRA?e=4CRSBi\"><strong>Pol\u00edtica de protecci\u00f3n de la Inf\u00e0ncia<\/strong><\/a><\/p>\n","protected":false},"excerpt":{"rendered":"<p>A finales de 2011, Iniciatives Solid\u00e0ries inaugur\u00f3 el Centro Abierto Ginkgo en el barrio Cooperativa de Sant Boi de Llobregat con el objetivo de dar apoyo en horario extraescolar a los chicos y chicas con dificultades de entre 12 y 16 a\u00f1os. El centro Ginkgo, que toma el nombre de un \u00e1rbol originario de China,&hellip;&nbsp;<a href=\"https:\/\/www.iniciatives.org\/es\/que-fem\/infancia-2\/\" rel=\"bookmark\">Leer m\u00e1s &raquo;<span class=\"screen-reader-text\">Infancia<\/span><\/a><\/p>\n","protected":false},"author":3,"featured_media":2403,"parent":2402,"menu_order":38,"comment_status":"closed","ping_status":"closed","template":"","meta":{"_eb_attr":"","neve_meta_sidebar":"","neve_meta_container":"","neve_meta_enable_content_width":"","neve_meta_content_width":0,"neve_meta_title_alignment":"","neve_meta_author_avatar":"","neve_post_elements_order":"","neve_meta_disable_header":"","neve_meta_disable_footer":"","neve_meta_disable_title":"on","footnotes":""},"class_list":["post-2414","page","type-page","status-publish","has-post-thumbnail","hentry"],"yoast_head":"<!-- This site is optimized with the Yoast SEO plugin v25.4 - https:\/\/yoast.com\/wordpress\/plugins\/seo\/ -->\n<title>Infancia - Iniciatives Solid\u00e0ries<\/title>\n<meta name=\"robots\" content=\"index, follow, max-snippet:-1, max-image-preview:large, max-video-preview:-1\" \/>\n<link rel=\"canonical\" href=\"https:\/\/www.iniciatives.org\/es\/que-fem\/infancia-2\/\" \/>\n<meta property=\"og:locale\" content=\"es_ES\" \/>\n<meta property=\"og:type\" content=\"article\" \/>\n<meta property=\"og:title\" content=\"Infancia - Iniciatives Solid\u00e0ries\" \/>\n<meta property=\"og:description\" content=\"A finales de 2011, Iniciatives Solid\u00e0ries inaugur\u00f3 el Centro Abierto Ginkgo en el barrio Cooperativa de Sant Boi de Llobregat con el objetivo de dar apoyo en horario extraescolar a los chicos y chicas con dificultades de entre 12 y 16 a\u00f1os. El centro Ginkgo, que toma el nombre de un \u00e1rbol originario de China,&hellip;&nbsp;Leer m\u00e1s &raquo;Infancia\" \/>\n<meta property=\"og:url\" content=\"https:\/\/www.iniciatives.org\/es\/que-fem\/infancia-2\/\" \/>\n<meta property=\"og:site_name\" content=\"Iniciatives Solid\u00e0ries\" \/>\n<meta property=\"article:modified_time\" content=\"2024-09-13T16:31:15+00:00\" \/>\n<meta property=\"og:image\" content=\"https:\/\/www.iniciatives.org\/wp-content\/uploads\/2014\/12\/Quefemdef2.jpg\" \/>\n\t<meta property=\"og:image:width\" content=\"1366\" \/>\n\t<meta property=\"og:image:height\" content=\"611\" \/>\n\t<meta property=\"og:image:type\" content=\"image\/jpeg\" \/>\n<meta name=\"twitter:card\" content=\"summary_large_image\" \/>\n<meta name=\"twitter:label1\" content=\"Tiempo de lectura\" \/>\n\t<meta name=\"twitter:data1\" content=\"2 minutos\" \/>\n<script type=\"application\/ld+json\" class=\"yoast-schema-graph\">{\"@context\":\"https:\/\/schema.org\",\"@graph\":[{\"@type\":\"WebPage\",\"@id\":\"https:\/\/www.iniciatives.org\/es\/que-fem\/infancia-2\/\",\"url\":\"https:\/\/www.iniciatives.org\/es\/que-fem\/infancia-2\/\",\"name\":\"Infancia - Iniciatives Solid\u00e0ries\",\"isPartOf\":{\"@id\":\"https:\/\/www.iniciatives.org\/#website\"},\"primaryImageOfPage\":{\"@id\":\"https:\/\/www.iniciatives.org\/es\/que-fem\/infancia-2\/#primaryimage\"},\"image\":{\"@id\":\"https:\/\/www.iniciatives.org\/es\/que-fem\/infancia-2\/#primaryimage\"},\"thumbnailUrl\":\"https:\/\/www.iniciatives.org\/wp-content\/uploads\/2014\/12\/Quefemdef2.jpg\",\"datePublished\":\"2011-06-10T15:27:20+00:00\",\"dateModified\":\"2024-09-13T16:31:15+00:00\",\"breadcrumb\":{\"@id\":\"https:\/\/www.iniciatives.org\/es\/que-fem\/infancia-2\/#breadcrumb\"},\"inLanguage\":\"es\",\"potentialAction\":[{\"@type\":\"ReadAction\",\"target\":[\"https:\/\/www.iniciatives.org\/es\/que-fem\/infancia-2\/\"]}]},{\"@type\":\"ImageObject\",\"inLanguage\":\"es\",\"@id\":\"https:\/\/www.iniciatives.org\/es\/que-fem\/infancia-2\/#primaryimage\",\"url\":\"https:\/\/www.iniciatives.org\/wp-content\/uploads\/2014\/12\/Quefemdef2.jpg\",\"contentUrl\":\"https:\/\/www.iniciatives.org\/wp-content\/uploads\/2014\/12\/Quefemdef2.jpg\",\"width\":1366,\"height\":611,\"caption\":\"Inf\u00e0ncia. Grup de nens i nenes estudiant i fent deures al Centre Obert Gingko.\"},{\"@type\":\"BreadcrumbList\",\"@id\":\"https:\/\/www.iniciatives.org\/es\/que-fem\/infancia-2\/#breadcrumb\",\"itemListElement\":[{\"@type\":\"ListItem\",\"position\":1,\"name\":\"Inici\",\"item\":\"https:\/\/www.iniciatives.org\/es\/\"},{\"@type\":\"ListItem\",\"position\":2,\"name\":\"Qu\u00e8 fem\",\"item\":\"https:\/\/www.iniciatives.org\/es\/que-fem\/\"},{\"@type\":\"ListItem\",\"position\":3,\"name\":\"Infancia\"}]},{\"@type\":\"WebSite\",\"@id\":\"https:\/\/www.iniciatives.org\/#website\",\"url\":\"https:\/\/www.iniciatives.org\/\",\"name\":\"Iniciatives Solid\u00e0ries\",\"description\":\"Iniciatives Solid\u00e0ries \u00e9s una ONG d\u2019acci\u00f3 social, acolliment i inserci\u00f3 social\",\"potentialAction\":[{\"@type\":\"SearchAction\",\"target\":{\"@type\":\"EntryPoint\",\"urlTemplate\":\"https:\/\/www.iniciatives.org\/?s={search_term_string}\"},\"query-input\":{\"@type\":\"PropertyValueSpecification\",\"valueRequired\":true,\"valueName\":\"search_term_string\"}}],\"inLanguage\":\"es\"}]}<\/script>\n<!-- \/ Yoast SEO plugin. -->","yoast_head_json":{"title":"Infancia - Iniciatives Solid\u00e0ries","robots":{"index":"index","follow":"follow","max-snippet":"max-snippet:-1","max-image-preview":"max-image-preview:large","max-video-preview":"max-video-preview:-1"},"canonical":"https:\/\/www.iniciatives.org\/es\/que-fem\/infancia-2\/","og_locale":"es_ES","og_type":"article","og_title":"Infancia - Iniciatives Solid\u00e0ries","og_description":"A finales de 2011, Iniciatives Solid\u00e0ries inaugur\u00f3 el Centro Abierto Ginkgo en el barrio Cooperativa de Sant Boi de Llobregat con el objetivo de dar apoyo en horario extraescolar a los chicos y chicas con dificultades de entre 12 y 16 a\u00f1os. El centro Ginkgo, que toma el nombre de un \u00e1rbol originario de China,&hellip;&nbsp;Leer m\u00e1s &raquo;Infancia","og_url":"https:\/\/www.iniciatives.org\/es\/que-fem\/infancia-2\/","og_site_name":"Iniciatives Solid\u00e0ries","article_modified_time":"2024-09-13T16:31:15+00:00","og_image":[{"width":1366,"height":611,"url":"https:\/\/www.iniciatives.org\/wp-content\/uploads\/2014\/12\/Quefemdef2.jpg","type":"image\/jpeg"}],"twitter_card":"summary_large_image","twitter_misc":{"Tiempo de lectura":"2 minutos"},"schema":{"@context":"https:\/\/schema.org","@graph":[{"@type":"WebPage","@id":"https:\/\/www.iniciatives.org\/es\/que-fem\/infancia-2\/","url":"https:\/\/www.iniciatives.org\/es\/que-fem\/infancia-2\/","name":"Infancia - Iniciatives Solid\u00e0ries","isPartOf":{"@id":"https:\/\/www.iniciatives.org\/#website"},"primaryImageOfPage":{"@id":"https:\/\/www.iniciatives.org\/es\/que-fem\/infancia-2\/#primaryimage"},"image":{"@id":"https:\/\/www.iniciatives.org\/es\/que-fem\/infancia-2\/#primaryimage"},"thumbnailUrl":"https:\/\/www.iniciatives.org\/wp-content\/uploads\/2014\/12\/Quefemdef2.jpg","datePublished":"2011-06-10T15:27:20+00:00","dateModified":"2024-09-13T16:31:15+00:00","breadcrumb":{"@id":"https:\/\/www.iniciatives.org\/es\/que-fem\/infancia-2\/#breadcrumb"},"inLanguage":"es","potentialAction":[{"@type":"ReadAction","target":["https:\/\/www.iniciatives.org\/es\/que-fem\/infancia-2\/"]}]},{"@type":"ImageObject","inLanguage":"es","@id":"https:\/\/www.iniciatives.org\/es\/que-fem\/infancia-2\/#primaryimage","url":"https:\/\/www.iniciatives.org\/wp-content\/uploads\/2014\/12\/Quefemdef2.jpg","contentUrl":"https:\/\/www.iniciatives.org\/wp-content\/uploads\/2014\/12\/Quefemdef2.jpg","width":1366,"height":611,"caption":"Inf\u00e0ncia. Grup de nens i nenes estudiant i fent deures al Centre Obert Gingko."},{"@type":"BreadcrumbList","@id":"https:\/\/www.iniciatives.org\/es\/que-fem\/infancia-2\/#breadcrumb","itemListElement":[{"@type":"ListItem","position":1,"name":"Inici","item":"https:\/\/www.iniciatives.org\/es\/"},{"@type":"ListItem","position":2,"name":"Qu\u00e8 fem","item":"https:\/\/www.iniciatives.org\/es\/que-fem\/"},{"@type":"ListItem","position":3,"name":"Infancia"}]},{"@type":"WebSite","@id":"https:\/\/www.iniciatives.org\/#website","url":"https:\/\/www.iniciatives.org\/","name":"Iniciatives Solid\u00e0ries","description":"Iniciatives Solid\u00e0ries \u00e9s una ONG d\u2019acci\u00f3 social, acolliment i inserci\u00f3 social","potentialAction":[{"@type":"SearchAction","target":{"@type":"EntryPoint","urlTemplate":"https:\/\/www.iniciatives.org\/?s={search_term_string}"},"query-input":{"@type":"PropertyValueSpecification","valueRequired":true,"valueName":"search_term_string"}}],"inLanguage":"es"}]}},"_links":{"self":[{"href":"https:\/\/www.iniciatives.org\/es\/wp-json\/wp\/v2\/pages\/2414","targetHints":{"allow":["GET"]}}],"collection":[{"href":"https:\/\/www.iniciatives.org\/es\/wp-json\/wp\/v2\/pages"}],"about":[{"href":"https:\/\/www.iniciatives.org\/es\/wp-json\/wp\/v2\/types\/page"}],"author":[{"embeddable":true,"href":"https:\/\/www.iniciatives.org\/es\/wp-json\/wp\/v2\/users\/3"}],"replies":[{"embeddable":true,"href":"https:\/\/www.iniciatives.org\/es\/wp-json\/wp\/v2\/comments?post=2414"}],"version-history":[{"count":5,"href":"https:\/\/www.iniciatives.org\/es\/wp-json\/wp\/v2\/pages\/2414\/revisions"}],"predecessor-version":[{"id":5217,"href":"https:\/\/www.iniciatives.org\/es\/wp-json\/wp\/v2\/pages\/2414\/revisions\/5217"}],"up":[{"embeddable":true,"href":"https:\/\/www.iniciatives.org\/es\/wp-json\/wp\/v2\/pages\/2402"}],"wp:featuredmedia":[{"embeddable":true,"href":"https:\/\/www.iniciatives.org\/es\/wp-json\/wp\/v2\/media\/2403"}],"wp:attachment":[{"href":"https:\/\/www.iniciatives.org\/es\/wp-json\/wp\/v2\/media?parent=2414"}],"curies":[{"name":"wp","href":"https:\/\/api.w.org\/{rel}","templated":true}]}}

<div class="wp-block-cover alignfull is-light" style="min-height:550px;aspect-ratio:unset;aspect-ratio:unset;"><span aria-hidden="true" class="wp-block-cover__background has-background-dim-0 has-background-dim" style="background-color:#868078"></span><img loading="lazy" decoding="async" width="1366" height="611" class="wp-block-cover__image-background wp-image-1299" alt="Grup de nens i nenes estudiant i fent deures al Centre Obert Gingko." src="https://www.iniciatives.org/wp-content/uploads/2014/12/Quefemdef2.jpg" data-object-fit="cover" srcset="https://www.iniciatives.org/wp-content/uploads/2014/12/Quefemdef2.jpg 1366w, https://www.iniciatives.org/wp-content/uploads/2014/12/Quefemdef2-800x358.jpg 800w, https://www.iniciatives.org/wp-content/uploads/2014/12/Quefemdef2-768x344.jpg 768w, https://www.iniciatives.org/wp-content/uploads/2014/12/Quefemdef2-1200x537.jpg 1200w" sizes="auto, (max-width: 1366px) 100vw, 1366px" /><div class="wp-block-cover__inner-container is-layout-constrained wp-block-cover-is-layout-constrained">
<p class="has-text-align-center has-nv-text-dark-bg-color has-text-color has-link-color wp-elements-7a1fa8a5c8b1f0013c01d6fc572cef5f" style="font-size:50px;font-style:normal;font-weight:900">Infancia</p>
</div></div>



<p>A finales de 2011, Iniciatives Solidàries inauguró el Centro Abierto Ginkgo en el barrio Cooperativa de Sant Boi de Llobregat con el objetivo de dar apoyo en horario extraescolar a los chicos y chicas con dificultades de entre 12 y 16 años.</p>



<p>El centro Ginkgo, que toma el nombre de un árbol originario de China, tiene el objetivo de favorecer la integración de estos niños y adolescentes, potenciar la adquisición de aprendizajes y competencias básicas, acompañar a las familias en los procesos educativos de sus hijos, y ofrecerles asesoramiento sobre la oferta educativa y la inserción en el mundo profesional.</p>



<p>El centro, que cuenta con la financiación de la Dirección General de Atención a la Infancia y la Adolescencia y del Ayuntamiento de Sant Boi, tiene capacidad para 30 chicos y chicas que, derivados de los Servicios Sociales municipales, viven en situación de riesgo social y de ruptura con la familia y la escuela, y requieren de una asistencia individualizada.</p>



<p><a href="https://iniciativessol-my.sharepoint.com/:b:/g/personal/fiscomptabilitat_iniciatives_org/EXyspJh2RcdBr3mFOo0YNyYBzMxB4Y5WtAjZZVYc2YmfRA?e=4CRSBi"><strong>Política de protección de la Infància</strong></a></p>

<p>A finales de 2011, Iniciatives Solidàries inauguró el Centro Abierto Ginkgo en el barrio Cooperativa de Sant Boi de Llobregat con el objetivo de dar apoyo en horario extraescolar a los chicos y chicas con dificultades de entre 12 y 16 años. El centro Ginkgo, que toma el nombre de un árbol originario de China,&hellip;&nbsp;<a href="https://www.iniciatives.org/es/que-fem/infancia-2/" rel="bookmark">Leer más &raquo;<span class="screen-reader-text">Infancia</span></a></p>

<!-- This site is optimized with the Yoast SEO plugin v25.4 - https://yoast.com/wordpress/plugins/seo/ -->
<title>Infancia - Iniciatives Solidàries</title>
<meta name="robots" content="index, follow, max-snippet:-1, max-image-preview:large, max-video-preview:-1" />
<link rel="canonical" href="https://www.iniciatives.org/es/que-fem/infancia-2/" />
<meta property="og:locale" content="es_ES" />
<meta property="og:type" content="article" />
<meta property="og:title" content="Infancia - Iniciatives Solidàries" />
<meta property="og:description" content="A finales de 2011, Iniciatives Solidàries inauguró el Centro Abierto Ginkgo en el barrio Cooperativa de Sant Boi de Llobregat con el objetivo de dar apoyo en horario extraescolar a los chicos y chicas con dificultades de entre 12 y 16 años. El centro Ginkgo, que toma el nombre de un árbol originario de China,&hellip;&nbsp;Leer más &raquo;Infancia" />
<meta property="og:url" content="https://www.iniciatives.org/es/que-fem/infancia-2/" />
<meta property="og:site_name" content="Iniciatives Solidàries" />
<meta property="article:modified_time" content="2024-09-13T16:31:15+00:00" />
<meta property="og:image" content="https://www.iniciatives.org/wp-content/uploads/2014/12/Quefemdef2.jpg" />
	<meta property="og:image:width" content="1366" />
	<meta property="og:image:height" content="611" />
	<meta property="og:image:type" content="image/jpeg" />
<meta name="twitter:card" content="summary_large_image" />
<meta name="twitter:label1" content="Tiempo de lectura" />
	<meta name="twitter:data1" content="2 minutos" />
<script type="application/ld+json" class="yoast-schema-graph">{"@context":"https://schema.org","@graph":[{"@type":"WebPage","@id":"https://www.iniciatives.org/es/que-fem/infancia-2/","url":"https://www.iniciatives.org/es/que-fem/infancia-2/","name":"Infancia - Iniciatives Solidàries","isPartOf":{"@id":"https://www.iniciatives.org/#website"},"primaryImageOfPage":{"@id":"https://www.iniciatives.org/es/que-fem/infancia-2/#primaryimage"},"image":{"@id":"https://www.iniciatives.org/es/que-fem/infancia-2/#primaryimage"},"thumbnailUrl":"https://www.iniciatives.org/wp-content/uploads/2014/12/Quefemdef2.jpg","datePublished":"2011-06-10T15:27:20+00:00","dateModified":"2024-09-13T16:31:15+00:00","breadcrumb":{"@id":"https://www.iniciatives.org/es/que-fem/infancia-2/#breadcrumb"},"inLanguage":"es","potentialAction":[{"@type":"ReadAction","target":["https://www.iniciatives.org/es/que-fem/infancia-2/"]}]},{"@type":"ImageObject","inLanguage":"es","@id":"https://www.iniciatives.org/es/que-fem/infancia-2/#primaryimage","url":"https://www.iniciatives.org/wp-content/uploads/2014/12/Quefemdef2.jpg","contentUrl":"https://www.iniciatives.org/wp-content/uploads/2014/12/Quefemdef2.jpg","width":1366,"height":611,"caption":"Infància. Grup de nens i nenes estudiant i fent deures al Centre Obert Gingko."},{"@type":"BreadcrumbList","@id":"https://www.iniciatives.org/es/que-fem/infancia-2/#breadcrumb","itemListElement":[{"@type":"ListItem","position":1,"name":"Inici","item":"https://www.iniciatives.org/es/"},{"@type":"ListItem","position":2,"name":"Què fem","item":"https://www.iniciatives.org/es/que-fem/"},{"@type":"ListItem","position":3,"name":"Infancia"}]},{"@type":"WebSite","@id":"https://www.iniciatives.org/#website","url":"https://www.iniciatives.org/","name":"Iniciatives Solidàries","description":"Iniciatives Solidàries és una ONG d’acció social, acolliment i inserció social","potentialAction":[{"@type":"SearchAction","target":{"@type":"EntryPoint","urlTemplate":"https://www.iniciatives.org/?s={search_term_string}"},"query-input":{"@type":"PropertyValueSpecification","valueRequired":true,"valueName":"search_term_string"}}],"inLanguage":"es"}]}</script>
<!-- / Yoast SEO plugin. -->

Infancia - Iniciatives Solidàries

A finales de 2011, Iniciatives Solidàries inauguró el Centro Abierto Ginkgo en el barrio Cooperativa de Sant Boi de Llobregat con el objetivo de dar apoyo en horario extraescolar a los chicos y chicas con dificultades de entre 12 y 16 años. El centro Ginkgo, que toma el nombre de un árbol originario de China,&hellip;&nbsp;Leer más &raquo;Infancia

Iniciatives Solidàries

Infància. Grup de nens i nenes estudiant i fent deures al Centre Obert Gingko.

Què fem

Iniciatives Solidàries és una ONG d’acció social, acolliment i inserció social
